{"id":174,"date":"2010-04-28T21:36:02","date_gmt":"2010-04-28T21:36:02","guid":{"rendered":"http:\/\/fcgueugnon.fr\/amicalefcg\/?page_id=174"},"modified":"2024-06-13T18:03:08","modified_gmt":"2024-06-13T16:03:08","slug":"matchs","status":"publish","type":"page","link":"https:\/\/fcgueugnon.fr\/amicalefcg\/palmares\/matchs","title":{"rendered":"Matchs"},"content":{"rendered":"<p><span style=\"color: #006400;\"><strong><span style=\"font-size: 14px;\">Revivez les plus grands match du FCG &#8230;<br \/>\n<\/span><\/strong><\/span><\/p>\n<p><a href=\"http:\/\/fcgueugnon.fr\/amicalefcg\/?p=1307\" target=\"_blank\" rel=\"noopener noreferrer\">1947 le 15 juin : FCG vs Orl\u00e9ans \u00e0 Tours &#8211; Titre Champion de France Amateur<\/a><\/p>\n<p>1952 le 25 mai : FCG vs Bordeaux &#8211; Titre Champion de France Amateur<\/p>\n<p>1958 le 23 novembre : Hussen-Dey vs FCG &#8211; 5\u00e8me tour de Coupe de France (\u00e0 Alger)<\/p>\n<p><a href=\"http:\/\/fcgueugnon.fr\/amicalefcg\/?p=584\">1965 le 3 janvier : FCG vs FC Macon &#8211; 32\u00e8me Coupe Gambardella \u00e0 Paray le Monial<\/a><\/p>\n<p>1969 le 2 mars : FCG vs Nice &#8211; 1\/8 de finale\u00a0 Coupe de France (Aller \u00e0 JL)<\/p>\n<p>1969 le 9 mars : Nice vs FCG &#8211; 1\/8 de finale\u00a0 Coupe de France (Retour \u00e0 Ray)<\/p>\n<p>1969 le 30 mars : FCG vs Angers &#8211; 1\/4 de finale\u00a0 Coupe de France (Aller \u00e0 JL)<\/p>\n<p>1969 le 4 avril : Angers vs FCG &#8211; 1\/4 de finale\u00a0 Coupe de France (Retour \u00e0 J.Bouin)<\/p>\n<p><a href=\"http:\/\/fcgueugnon.fr\/amicalefcg\/1970-le-8-fevrier-fc-gueugnon-ac-ajaccio-d1-a-lyon-cdf\/2672\">1970 le 8 f\u00e9vrier : FCG vs AC Ajaccio &#8211; 32\u00e8me Coupe de France (\u00e0 Gerland Lyon)<\/a><\/p>\n<p><a href=\"http:\/\/fcgueugnon.fr\/amicalefcg\/?p=597\">1970 le 1er mars :\u00a0 FCG vs US Valenciennes &#8211; 1\/16 de finale Coupe de France (\u00e0 Fourchambault)<\/a><\/p>\n<p><a href=\"http:\/\/fcgueugnon.fr\/amicalefcg\/?p=334\">1974 le 3 f\u00e9vrier : FCG vs AS St Etienne &#8211; 32\u00e8me Coupe de France (\u00e0 Roanne)<br \/>\n<\/a><\/p>\n<p><a href=\"http:\/\/fcgueugnon.fr\/amicalefcg\/?p=321\">1975\u00a0 le 2 f\u00e9vrier : FCG vs AS Nancy &#8211; 32\u00e8me Coupe de France \u00e0 Dijon<\/a><a href=\"http:\/\/fcgueugnon.fr\/amicalefcg\/?p=409\"><br \/>\n<\/a><\/p>\n<p><a href=\"http:\/\/fcgueugnon.fr\/amicalefcg\/?p=602\">1977 : FCG vs Lille OSC &#8211; Champt. D2 &#8211; remise challenge France Foot<\/a><\/p>\n<p><a href=\"http:\/\/fcgueugnon.fr\/amicalefcg\/?p=409\">1977 : FCG vs Olympique Lyonnais &#8211; 32\u00e8me Coupe de France \u00e0 Chalon<\/a><\/p>\n<p><a href=\"http:\/\/fcgueugnon.fr\/amicalefcg\/1977-fc-gueugnon-fc-rouen-1-0-barrages-accession-d1-match-aller\/407\">1977 le 4 juin : FCG vs FC Rouen &#8211; Barrages Aller pour accession D1<\/a><\/p>\n<p>1977 le 10 juin : FC Rouen vs FCG &#8211; Barrages Retour pour accession D1<\/p>\n<p>1978 le 7 octobre : FCG vs Toulouse FC &#8211; Champt. D2 Groupe A.<\/p>\n<p><a href=\"http:\/\/fcgueugnon.fr\/amicalefcg\/?p=340\">1979 le 26 mai : FCG vs AJ Auxerre &#8211; Champt. D2 Groupe A<br \/>\n<\/a><\/p>\n<p>1979 le 2 juin : Brest vs FCG\u00a0 &#8211; Titre Champion de France de Division 2 (match aller \u00e0 Quimper)<\/p>\n<p>1979 le 9 juin : FCG vs Brest &#8211; Titre Champion de France de Division 2 (match retour \u00e0 JL.)<\/p>\n","protected":false},"excerpt":{"rendered":"<p>Revivez les plus grands match du FCG &#8230; 1947 le 15 juin : FCG vs Orl\u00e9ans \u00e0 Tours &#8211; Titre Champion de France Amateur 1952 le 25 mai : FCG vs Bordeaux &#8211; Titre Champion de France Amateur 1958 le 23 novembre : Hussen-Dey vs FCG &#8211; 5\u00e8me tour de Coupe de France (\u00e0 Alger) [&hellip;]<\/p>\n","protected":false},"author":1,"featured_media":0,"parent":13,"menu_order":0,"comment_status":"closed","ping_status":"closed","template":"","meta":{"footnotes":""},"class_list":["post-174","page","type-page","status-publish","hentry"],"yoast_head":"<!-- This site is optimized with the Yoast SEO plugin v25.5 - https:\/\/yoast.com\/wordpress\/plugins\/seo\/ -->\n<title>Matchs | \u2022 GLORIEUX FCG \u2022<\/title>\n<meta name=\"robots\" content=\"index, follow, max-snippet:-1, max-image-preview:large, max-video-preview:-1\" \/>\n<link rel=\"canonical\" href=\"https:\/\/fcgueugnon.fr\/amicalefcg\/palmares\/matchs\" \/>\n<meta property=\"og:locale\" content=\"fr_FR\" \/>\n<meta property=\"og:type\" content=\"article\" \/>\n<meta property=\"og:title\" content=\"Matchs | \u2022 GLORIEUX FCG \u2022\" \/>\n<meta property=\"og:description\" content=\"Revivez les plus grands match du FCG &#8230; 1947 le 15 juin : FCG vs Orl\u00e9ans \u00e0 Tours &#8211; Titre Champion de France Amateur 1952 le 25 mai : FCG vs Bordeaux &#8211; Titre Champion de France Amateur 1958 le 23 novembre : Hussen-Dey vs FCG &#8211; 5\u00e8me tour de Coupe de France (\u00e0 Alger) [&hellip;]\" \/>\n<meta property=\"og:url\" content=\"https:\/\/fcgueugnon.fr\/amicalefcg\/palmares\/matchs\" \/>\n<meta property=\"og:site_name\" content=\"\u2022 GLORIEUX FCG \u2022\" \/>\n<meta property=\"article:publisher\" content=\"https:\/\/www.facebook.com\/GlorieuxFCG\/\" \/>\n<meta property=\"article:modified_time\" content=\"2024-06-13T16:03:08+00:00\" \/>\n<meta name=\"twitter:card\" content=\"summary_large_image\" \/>\n<meta name=\"twitter:label1\" content=\"Dur\u00e9e de lecture estim\u00e9e\" \/>\n\t<meta name=\"twitter:data1\" content=\"2 minutes\" \/>\n<script type=\"application\/ld+json\" class=\"yoast-schema-graph\">{\"@context\":\"https:\/\/schema.org\",\"@graph\":[{\"@type\":\"WebPage\",\"@id\":\"https:\/\/fcgueugnon.fr\/amicalefcg\/palmares\/matchs\",\"url\":\"https:\/\/fcgueugnon.fr\/amicalefcg\/palmares\/matchs\",\"name\":\"Matchs | \u2022 GLORIEUX FCG \u2022\",\"isPartOf\":{\"@id\":\"https:\/\/fcgueugnon.fr\/amicalefcg\/#website\"},\"datePublished\":\"2010-04-28T21:36:02+00:00\",\"dateModified\":\"2024-06-13T16:03:08+00:00\",\"breadcrumb\":{\"@id\":\"https:\/\/fcgueugnon.fr\/amicalefcg\/palmares\/matchs#breadcrumb\"},\"inLanguage\":\"fr-FR\",\"potentialAction\":[{\"@type\":\"ReadAction\",\"target\":[\"https:\/\/fcgueugnon.fr\/amicalefcg\/palmares\/matchs\"]}]},{\"@type\":\"BreadcrumbList\",\"@id\":\"https:\/\/fcgueugnon.fr\/amicalefcg\/palmares\/matchs#breadcrumb\",\"itemListElement\":[{\"@type\":\"ListItem\",\"position\":1,\"name\":\"Accueil\",\"item\":\"https:\/\/fcgueugnon.fr\/amicalefcg\/\"},{\"@type\":\"ListItem\",\"position\":2,\"name\":\"Palmares du FCG\",\"item\":\"https:\/\/fcgueugnon.fr\/amicalefcg\/palmares\"},{\"@type\":\"ListItem\",\"position\":3,\"name\":\"Matchs\"}]},{\"@type\":\"WebSite\",\"@id\":\"https:\/\/fcgueugnon.fr\/amicalefcg\/#website\",\"url\":\"https:\/\/fcgueugnon.fr\/amicalefcg\/\",\"name\":\"\u2022 GLORIEUX FCG \u2022\",\"description\":\"Revivez l&#039;histoire du Football Club de Gueugnon\",\"publisher\":{\"@id\":\"https:\/\/fcgueugnon.fr\/amicalefcg\/#organization\"},\"potentialAction\":[{\"@type\":\"SearchAction\",\"target\":{\"@type\":\"EntryPoint\",\"urlTemplate\":\"https:\/\/fcgueugnon.fr\/amicalefcg\/?s={search_term_string}\"},\"query-input\":{\"@type\":\"PropertyValueSpecification\",\"valueRequired\":true,\"valueName\":\"search_term_string\"}}],\"inLanguage\":\"fr-FR\"},{\"@type\":\"Organization\",\"@id\":\"https:\/\/fcgueugnon.fr\/amicalefcg\/#organization\",\"name\":\"Amicale Anciens FC Gueugnon\",\"url\":\"https:\/\/fcgueugnon.fr\/amicalefcg\/\",\"logo\":{\"@type\":\"ImageObject\",\"inLanguage\":\"fr-FR\",\"@id\":\"https:\/\/fcgueugnon.fr\/amicalefcg\/#\/schema\/logo\/image\/\",\"url\":\"https:\/\/fcgueugnon.fr\/amicalefcg\/wp-content\/uploads\/amicale-anciens-fc-glorieux-gueugnon.png\",\"contentUrl\":\"https:\/\/fcgueugnon.fr\/amicalefcg\/wp-content\/uploads\/amicale-anciens-fc-glorieux-gueugnon.png\",\"width\":240,\"height\":240,\"caption\":\"Amicale Anciens FC Gueugnon\"},\"image\":{\"@id\":\"https:\/\/fcgueugnon.fr\/amicalefcg\/#\/schema\/logo\/image\/\"},\"sameAs\":[\"https:\/\/www.facebook.com\/GlorieuxFCG\/\"]}]}<\/script>\n<!-- \/ Yoast SEO plugin. -->","yoast_head_json":{"title":"Matchs | \u2022 GLORIEUX FCG \u2022","robots":{"index":"index","follow":"follow","max-snippet":"max-snippet:-1","max-image-preview":"max-image-preview:large","max-video-preview":"max-video-preview:-1"},"canonical":"https:\/\/fcgueugnon.fr\/amicalefcg\/palmares\/matchs","og_locale":"fr_FR","og_type":"article","og_title":"Matchs | \u2022 GLORIEUX FCG \u2022","og_description":"Revivez les plus grands match du FCG &#8230; 1947 le 15 juin : FCG vs Orl\u00e9ans \u00e0 Tours &#8211; Titre Champion de France Amateur 1952 le 25 mai : FCG vs Bordeaux &#8211; Titre Champion de France Amateur 1958 le 23 novembre : Hussen-Dey vs FCG &#8211; 5\u00e8me tour de Coupe de France (\u00e0 Alger) [&hellip;]","og_url":"https:\/\/fcgueugnon.fr\/amicalefcg\/palmares\/matchs","og_site_name":"\u2022 GLORIEUX FCG \u2022","article_publisher":"https:\/\/www.facebook.com\/GlorieuxFCG\/","article_modified_time":"2024-06-13T16:03:08+00:00","twitter_card":"summary_large_image","twitter_misc":{"Dur\u00e9e de lecture estim\u00e9e":"2 minutes"},"schema":{"@context":"https:\/\/schema.org","@graph":[{"@type":"WebPage","@id":"https:\/\/fcgueugnon.fr\/amicalefcg\/palmares\/matchs","url":"https:\/\/fcgueugnon.fr\/amicalefcg\/palmares\/matchs","name":"Matchs | \u2022 GLORIEUX FCG \u2022","isPartOf":{"@id":"https:\/\/fcgueugnon.fr\/amicalefcg\/#website"},"datePublished":"2010-04-28T21:36:02+00:00","dateModified":"2024-06-13T16:03:08+00:00","breadcrumb":{"@id":"https:\/\/fcgueugnon.fr\/amicalefcg\/palmares\/matchs#breadcrumb"},"inLanguage":"fr-FR","potentialAction":[{"@type":"ReadAction","target":["https:\/\/fcgueugnon.fr\/amicalefcg\/palmares\/matchs"]}]},{"@type":"BreadcrumbList","@id":"https:\/\/fcgueugnon.fr\/amicalefcg\/palmares\/matchs#breadcrumb","itemListElement":[{"@type":"ListItem","position":1,"name":"Accueil","item":"https:\/\/fcgueugnon.fr\/amicalefcg\/"},{"@type":"ListItem","position":2,"name":"Palmares du FCG","item":"https:\/\/fcgueugnon.fr\/amicalefcg\/palmares"},{"@type":"ListItem","position":3,"name":"Matchs"}]},{"@type":"WebSite","@id":"https:\/\/fcgueugnon.fr\/amicalefcg\/#website","url":"https:\/\/fcgueugnon.fr\/amicalefcg\/","name":"\u2022 GLORIEUX FCG \u2022","description":"Revivez l&#039;histoire du Football Club de Gueugnon","publisher":{"@id":"https:\/\/fcgueugnon.fr\/amicalefcg\/#organization"},"potentialAction":[{"@type":"SearchAction","target":{"@type":"EntryPoint","urlTemplate":"https:\/\/fcgueugnon.fr\/amicalefcg\/?s={search_term_string}"},"query-input":{"@type":"PropertyValueSpecification","valueRequired":true,"valueName":"search_term_string"}}],"inLanguage":"fr-FR"},{"@type":"Organization","@id":"https:\/\/fcgueugnon.fr\/amicalefcg\/#organization","name":"Amicale Anciens FC Gueugnon","url":"https:\/\/fcgueugnon.fr\/amicalefcg\/","logo":{"@type":"ImageObject","inLanguage":"fr-FR","@id":"https:\/\/fcgueugnon.fr\/amicalefcg\/#\/schema\/logo\/image\/","url":"https:\/\/fcgueugnon.fr\/amicalefcg\/wp-content\/uploads\/amicale-anciens-fc-glorieux-gueugnon.png","contentUrl":"https:\/\/fcgueugnon.fr\/amicalefcg\/wp-content\/uploads\/amicale-anciens-fc-glorieux-gueugnon.png","width":240,"height":240,"caption":"Amicale Anciens FC Gueugnon"},"image":{"@id":"https:\/\/fcgueugnon.fr\/amicalefcg\/#\/schema\/logo\/image\/"},"sameAs":["https:\/\/www.facebook.com\/GlorieuxFCG\/"]}]}},"_links":{"self":[{"href":"https:\/\/fcgueugnon.fr\/amicalefcg\/wp-json\/wp\/v2\/pages\/174","targetHints":{"allow":["GET"]}}],"collection":[{"href":"https:\/\/fcgueugnon.fr\/amicalefcg\/wp-json\/wp\/v2\/pages"}],"about":[{"href":"https:\/\/fcgueugnon.fr\/amicalefcg\/wp-json\/wp\/v2\/types\/page"}],"author":[{"embeddable":true,"href":"https:\/\/fcgueugnon.fr\/amicalefcg\/wp-json\/wp\/v2\/users\/1"}],"replies":[{"embeddable":true,"href":"https:\/\/fcgueugnon.fr\/amicalefcg\/wp-json\/wp\/v2\/comments?post=174"}],"version-history":[{"count":44,"href":"https:\/\/fcgueugnon.fr\/amicalefcg\/wp-json\/wp\/v2\/pages\/174\/revisions"}],"predecessor-version":[{"id":2940,"href":"https:\/\/fcgueugnon.fr\/amicalefcg\/wp-json\/wp\/v2\/pages\/174\/revisions\/2940"}],"up":[{"embeddable":true,"href":"https:\/\/fcgueugnon.fr\/amicalefcg\/wp-json\/wp\/v2\/pages\/13"}],"wp:attachment":[{"href":"https:\/\/fcgueugnon.fr\/amicalefcg\/wp-json\/wp\/v2\/media?parent=174"}],"curies":[{"name":"wp","href":"https:\/\/api.w.org\/{rel}","templated":true}]}}