{"id":170,"date":"2010-04-28T20:00:49","date_gmt":"2010-04-28T20:00:49","guid":{"rendered":"http:\/\/fcgueugnon.fr\/amicalefcg\/?page_id=170"},"modified":"2017-10-17T18:35:53","modified_gmt":"2017-10-17T18:35:53","slug":"tribune","status":"publish","type":"page","link":"https:\/\/fcgueugnon.fr\/amicalefcg\/tribune","title":{"rendered":"Tribune Libre"},"content":{"rendered":"<p style=\"text-align: justify;\">\u00a0L&rsquo;Amicale des Anciens du FCG est heureuse de vous compter parmi les visiteurs de ce Site, que nous avons voulu simple, convivial et riche en informations sur les premi\u00e8res ann\u00e9es d&rsquo;existence du Club.<\/p>\n<p style=\"text-align: justify;\">\u00a0Comme nous l&rsquo;avons dit \u00e0 l&rsquo;accueil, vous avez de nombreuses possibilit\u00e9s de d\u00e9couvrir les informations sur les saisons plus r\u00e9centes, disons 1990-2010, \u00e0 travers les sites internet m\u00e9diatiques et sp\u00e9cifiques football o\u00f9 vous trouverez les fiches techniques, les photos, les vid\u00e9os des joueurs et des matchs de cette p\u00e9riode (\u00e0 travers Wikip\u00e9dia, footballdatabase, foot-national, f\u00e9d\u00e9ration, ligue, etc &#8230;)<\/p>\n<p style=\"text-align: justify;\">\u00a0Par contre pour la p\u00e9riode que nous avons choisie de vous pr\u00e9senter l\u00e0, il existe peu d&rsquo;archives et de sites multi-m\u00e9dias d\u00e9di\u00e9s \u00e0 nos anciennes gloires. L&rsquo;id\u00e9e \u00e9tait d&rsquo;abord de pouvoir figer les souvenirs de notre Club depuis son origine.<\/p>\n<p style=\"text-align: justify;\">\u00a0Apr\u00e8s cette visite, vous aurez la possibilit\u00e9 de nous laisser un message et nous transmettre vos impressions sur ce que vous avez d\u00e9couvert, appr\u00e9ci\u00e9 ou moins aim\u00e9&#8230; tel un livre d&rsquo;or. De mani\u00e8re facultative, vous pourrez aussi vous pr\u00e9senter et vous situer par rapport au Club (supporter, sympathisant, famille de joueur, simple visiteur, etc..)\u00a0 De m\u00eame, vous pourrez nous indiquer, nous transmettre, par exemple, sur une saison, dans une rubrique, une info qui vous semble pertinente \u00e0 rajouter.<br \/>\nPour cela, utilisez tout simplement soit :<br \/>\nle <em><u>formulaire de contact<\/u><\/em>, ci-dessous.<\/p>\n<p style=\"text-align: center;\">\n<div class=\"wpcf7 no-js\" id=\"wpcf7-f2549-o1\" lang=\"fr-FR\" dir=\"ltr\" data-wpcf7-id=\"2549\">\n<div class=\"screen-reader-response\"><p role=\"status\" aria-live=\"polite\" aria-atomic=\"true\"><\/p> <ul><\/ul><\/div>\n<form action=\"\/amicalefcg\/wp-json\/wp\/v2\/pages\/170#wpcf7-f2549-o1\" method=\"post\" class=\"wpcf7-form init\" aria-label=\"Formulaire de contact\" novalidate=\"novalidate\" data-status=\"init\">\n<fieldset class=\"hidden-fields-container\"><input type=\"hidden\" name=\"_wpcf7\" value=\"2549\" \/><input type=\"hidden\" name=\"_wpcf7_version\" value=\"6.1\" \/><input type=\"hidden\" name=\"_wpcf7_locale\" value=\"fr_FR\" \/><input type=\"hidden\" name=\"_wpcf7_unit_tag\" value=\"wpcf7-f2549-o1\" \/><input type=\"hidden\" name=\"_wpcf7_container_post\" value=\"0\" \/><input type=\"hidden\" name=\"_wpcf7_posted_data_hash\" value=\"\" \/>\n<\/fieldset>\n<p><label> Votre nom (obligatoire)<br \/>\n<span class=\"wpcf7-form-control-wrap\" data-name=\"your-name\"><input size=\"40\" maxlength=\"400\" class=\"wpcf7-form-control wpcf7-text wpcf7-validates-as-required\" aria-required=\"true\" aria-invalid=\"false\" value=\"\" type=\"text\" name=\"your-name\" \/><\/span> <\/label>\n<\/p>\n<p><label> Votre e-mail (obligatoire)<br \/>\n<span class=\"wpcf7-form-control-wrap\" data-name=\"your-email\"><input size=\"40\" maxlength=\"400\" class=\"wpcf7-form-control wpcf7-email wpcf7-validates-as-required wpcf7-text wpcf7-validates-as-email\" aria-required=\"true\" aria-invalid=\"false\" value=\"\" type=\"email\" name=\"your-email\" \/><\/span> <\/label>\n<\/p>\n<p><label> Sujet<br \/>\n<span class=\"wpcf7-form-control-wrap\" data-name=\"your-subject\"><input size=\"40\" maxlength=\"400\" class=\"wpcf7-form-control wpcf7-text\" aria-invalid=\"false\" value=\"\" type=\"text\" name=\"your-subject\" \/><\/span> <\/label>\n<\/p>\n<p><label> Votre message<br \/>\n<span class=\"wpcf7-form-control-wrap\" data-name=\"your-message\"><textarea cols=\"40\" rows=\"10\" maxlength=\"2000\" class=\"wpcf7-form-control wpcf7-textarea\" aria-invalid=\"false\" name=\"your-message\"><\/textarea><\/span> <\/label>\n<\/p>\n<p><label> CAPTCHA<br \/>\n[recaptcha] <\/label>\n<\/p>\n<p><input class=\"wpcf7-form-control wpcf7-submit has-spinner\" type=\"submit\" value=\"Envoyer\" \/>\n<\/p><div class=\"wpcf7-response-output\" aria-hidden=\"true\"><\/div>\n<\/form>\n<\/div>\n<\/p>\n<p style=\"text-align: justify;\">Nous ne manquerons pas de vous r\u00e9pondre. N&rsquo;h\u00e9sitez pas !<\/p>\n<p style=\"text-align: justify;\"><!--cforms name=\"contact\"--><span style=\"color: #ff0000;\"><br \/>\n<\/span><\/p>\n<p style=\"text-align: justify;\">\u00a0<strong>Forum de l&rsquo;Amicale des Anciens<\/strong> : cet acc\u00e8s est r\u00e9serv\u00e9 aux membres de l&rsquo;Amicale des Anciens et du Lundi, association loi 1901 qui rassemble les anciens joueurs du FCG, dirigeants et sympathisants. Les membres, \u00e0 jour de cotisations, pourront se connecter \u00e0 ce forum et consulter les derni\u00e8res actualit\u00e9s et activit\u00e9s de l&rsquo;Amicale.<\/p>\n<p><span style=\"background-color: #0000ff;\"><span style=\"color: #ffd700;\">Acc\u00e8s \u00ab\u00a0espace r\u00e9serv\u00e9 aux amicalistes\u00a0\u00bb<\/span><\/span> : &gt;&gt;&gt;&gt;&gt;&gt; <span style=\"color: #ff0000;\">pas encore disponible<\/span><\/p>\n","protected":false},"excerpt":{"rendered":"<p>\u00a0L&rsquo;Amicale des Anciens du FCG est heureuse de vous compter parmi les visiteurs de ce Site, que nous avons voulu simple, convivial et riche en informations sur les premi\u00e8res ann\u00e9es d&rsquo;existence du Club. \u00a0Comme nous l&rsquo;avons dit \u00e0 l&rsquo;accueil, vous avez de nombreuses possibilit\u00e9s de d\u00e9couvrir les informations sur les saisons plus r\u00e9centes, disons 1990-2010, [&hellip;]<\/p>\n","protected":false},"author":1,"featured_media":0,"parent":0,"menu_order":100000000,"comment_status":"closed","ping_status":"closed","template":"","meta":{"footnotes":""},"class_list":["post-170","page","type-page","status-publish","hentry"],"yoast_head":"<!-- This site is optimized with the Yoast SEO plugin v25.5 - https:\/\/yoast.com\/wordpress\/plugins\/seo\/ -->\n<title>Tribune Libre | \u2022 GLORIEUX FCG \u2022<\/title>\n<meta name=\"robots\" content=\"index, follow, max-snippet:-1, max-image-preview:large, max-video-preview:-1\" \/>\n<link rel=\"canonical\" href=\"http:\/\/fcgueugnon.fr\/amicalefcg\/tribune\" \/>\n<meta property=\"og:locale\" content=\"fr_FR\" \/>\n<meta property=\"og:type\" content=\"article\" \/>\n<meta property=\"og:title\" content=\"Tribune Libre | \u2022 GLORIEUX FCG \u2022\" \/>\n<meta property=\"og:description\" content=\"\u00a0L&rsquo;Amicale des Anciens du FCG est heureuse de vous compter parmi les visiteurs de ce Site, que nous avons voulu simple, convivial et riche en informations sur les premi\u00e8res ann\u00e9es d&rsquo;existence du Club. \u00a0Comme nous l&rsquo;avons dit \u00e0 l&rsquo;accueil, vous avez de nombreuses possibilit\u00e9s de d\u00e9couvrir les informations sur les saisons plus r\u00e9centes, disons 1990-2010, [&hellip;]\" \/>\n<meta property=\"og:url\" content=\"http:\/\/fcgueugnon.fr\/amicalefcg\/tribune\" \/>\n<meta property=\"og:site_name\" content=\"\u2022 GLORIEUX FCG \u2022\" \/>\n<meta property=\"article:publisher\" content=\"https:\/\/www.facebook.com\/GlorieuxFCG\/\" \/>\n<meta property=\"article:modified_time\" content=\"2017-10-17T18:35:53+00:00\" \/>\n<meta name=\"twitter:card\" content=\"summary_large_image\" \/>\n<meta name=\"twitter:label1\" content=\"Dur\u00e9e de lecture estim\u00e9e\" \/>\n\t<meta name=\"twitter:data1\" content=\"2 minutes\" \/>\n<script type=\"application\/ld+json\" class=\"yoast-schema-graph\">{\"@context\":\"https:\/\/schema.org\",\"@graph\":[{\"@type\":\"WebPage\",\"@id\":\"http:\/\/fcgueugnon.fr\/amicalefcg\/tribune\",\"url\":\"http:\/\/fcgueugnon.fr\/amicalefcg\/tribune\",\"name\":\"Tribune Libre | \u2022 GLORIEUX FCG \u2022\",\"isPartOf\":{\"@id\":\"https:\/\/fcgueugnon.fr\/amicalefcg\/#website\"},\"datePublished\":\"2010-04-28T20:00:49+00:00\",\"dateModified\":\"2017-10-17T18:35:53+00:00\",\"breadcrumb\":{\"@id\":\"http:\/\/fcgueugnon.fr\/amicalefcg\/tribune#breadcrumb\"},\"inLanguage\":\"fr-FR\",\"potentialAction\":[{\"@type\":\"ReadAction\",\"target\":[\"http:\/\/fcgueugnon.fr\/amicalefcg\/tribune\"]}]},{\"@type\":\"BreadcrumbList\",\"@id\":\"http:\/\/fcgueugnon.fr\/amicalefcg\/tribune#breadcrumb\",\"itemListElement\":[{\"@type\":\"ListItem\",\"position\":1,\"name\":\"Accueil\",\"item\":\"https:\/\/fcgueugnon.fr\/amicalefcg\/\"},{\"@type\":\"ListItem\",\"position\":2,\"name\":\"Tribune Libre\"}]},{\"@type\":\"WebSite\",\"@id\":\"https:\/\/fcgueugnon.fr\/amicalefcg\/#website\",\"url\":\"https:\/\/fcgueugnon.fr\/amicalefcg\/\",\"name\":\"\u2022 GLORIEUX FCG \u2022\",\"description\":\"Revivez l&#039;histoire du Football Club de Gueugnon\",\"publisher\":{\"@id\":\"https:\/\/fcgueugnon.fr\/amicalefcg\/#organization\"},\"potentialAction\":[{\"@type\":\"SearchAction\",\"target\":{\"@type\":\"EntryPoint\",\"urlTemplate\":\"https:\/\/fcgueugnon.fr\/amicalefcg\/?s={search_term_string}\"},\"query-input\":{\"@type\":\"PropertyValueSpecification\",\"valueRequired\":true,\"valueName\":\"search_term_string\"}}],\"inLanguage\":\"fr-FR\"},{\"@type\":\"Organization\",\"@id\":\"https:\/\/fcgueugnon.fr\/amicalefcg\/#organization\",\"name\":\"Amicale Anciens FC Gueugnon\",\"url\":\"https:\/\/fcgueugnon.fr\/amicalefcg\/\",\"logo\":{\"@type\":\"ImageObject\",\"inLanguage\":\"fr-FR\",\"@id\":\"https:\/\/fcgueugnon.fr\/amicalefcg\/#\/schema\/logo\/image\/\",\"url\":\"https:\/\/fcgueugnon.fr\/amicalefcg\/wp-content\/uploads\/amicale-anciens-fc-glorieux-gueugnon.png\",\"contentUrl\":\"https:\/\/fcgueugnon.fr\/amicalefcg\/wp-content\/uploads\/amicale-anciens-fc-glorieux-gueugnon.png\",\"width\":240,\"height\":240,\"caption\":\"Amicale Anciens FC Gueugnon\"},\"image\":{\"@id\":\"https:\/\/fcgueugnon.fr\/amicalefcg\/#\/schema\/logo\/image\/\"},\"sameAs\":[\"https:\/\/www.facebook.com\/GlorieuxFCG\/\"]}]}<\/script>\n<!-- \/ Yoast SEO plugin. -->","yoast_head_json":{"title":"Tribune Libre | \u2022 GLORIEUX FCG \u2022","robots":{"index":"index","follow":"follow","max-snippet":"max-snippet:-1","max-image-preview":"max-image-preview:large","max-video-preview":"max-video-preview:-1"},"canonical":"http:\/\/fcgueugnon.fr\/amicalefcg\/tribune","og_locale":"fr_FR","og_type":"article","og_title":"Tribune Libre | \u2022 GLORIEUX FCG \u2022","og_description":"\u00a0L&rsquo;Amicale des Anciens du FCG est heureuse de vous compter parmi les visiteurs de ce Site, que nous avons voulu simple, convivial et riche en informations sur les premi\u00e8res ann\u00e9es d&rsquo;existence du Club. \u00a0Comme nous l&rsquo;avons dit \u00e0 l&rsquo;accueil, vous avez de nombreuses possibilit\u00e9s de d\u00e9couvrir les informations sur les saisons plus r\u00e9centes, disons 1990-2010, [&hellip;]","og_url":"http:\/\/fcgueugnon.fr\/amicalefcg\/tribune","og_site_name":"\u2022 GLORIEUX FCG \u2022","article_publisher":"https:\/\/www.facebook.com\/GlorieuxFCG\/","article_modified_time":"2017-10-17T18:35:53+00:00","twitter_card":"summary_large_image","twitter_misc":{"Dur\u00e9e de lecture estim\u00e9e":"2 minutes"},"schema":{"@context":"https:\/\/schema.org","@graph":[{"@type":"WebPage","@id":"http:\/\/fcgueugnon.fr\/amicalefcg\/tribune","url":"http:\/\/fcgueugnon.fr\/amicalefcg\/tribune","name":"Tribune Libre | \u2022 GLORIEUX FCG \u2022","isPartOf":{"@id":"https:\/\/fcgueugnon.fr\/amicalefcg\/#website"},"datePublished":"2010-04-28T20:00:49+00:00","dateModified":"2017-10-17T18:35:53+00:00","breadcrumb":{"@id":"http:\/\/fcgueugnon.fr\/amicalefcg\/tribune#breadcrumb"},"inLanguage":"fr-FR","potentialAction":[{"@type":"ReadAction","target":["http:\/\/fcgueugnon.fr\/amicalefcg\/tribune"]}]},{"@type":"BreadcrumbList","@id":"http:\/\/fcgueugnon.fr\/amicalefcg\/tribune#breadcrumb","itemListElement":[{"@type":"ListItem","position":1,"name":"Accueil","item":"https:\/\/fcgueugnon.fr\/amicalefcg\/"},{"@type":"ListItem","position":2,"name":"Tribune Libre"}]},{"@type":"WebSite","@id":"https:\/\/fcgueugnon.fr\/amicalefcg\/#website","url":"https:\/\/fcgueugnon.fr\/amicalefcg\/","name":"\u2022 GLORIEUX FCG \u2022","description":"Revivez l&#039;histoire du Football Club de Gueugnon","publisher":{"@id":"https:\/\/fcgueugnon.fr\/amicalefcg\/#organization"},"potentialAction":[{"@type":"SearchAction","target":{"@type":"EntryPoint","urlTemplate":"https:\/\/fcgueugnon.fr\/amicalefcg\/?s={search_term_string}"},"query-input":{"@type":"PropertyValueSpecification","valueRequired":true,"valueName":"search_term_string"}}],"inLanguage":"fr-FR"},{"@type":"Organization","@id":"https:\/\/fcgueugnon.fr\/amicalefcg\/#organization","name":"Amicale Anciens FC Gueugnon","url":"https:\/\/fcgueugnon.fr\/amicalefcg\/","logo":{"@type":"ImageObject","inLanguage":"fr-FR","@id":"https:\/\/fcgueugnon.fr\/amicalefcg\/#\/schema\/logo\/image\/","url":"https:\/\/fcgueugnon.fr\/amicalefcg\/wp-content\/uploads\/amicale-anciens-fc-glorieux-gueugnon.png","contentUrl":"https:\/\/fcgueugnon.fr\/amicalefcg\/wp-content\/uploads\/amicale-anciens-fc-glorieux-gueugnon.png","width":240,"height":240,"caption":"Amicale Anciens FC Gueugnon"},"image":{"@id":"https:\/\/fcgueugnon.fr\/amicalefcg\/#\/schema\/logo\/image\/"},"sameAs":["https:\/\/www.facebook.com\/GlorieuxFCG\/"]}]}},"_links":{"self":[{"href":"https:\/\/fcgueugnon.fr\/amicalefcg\/wp-json\/wp\/v2\/pages\/170","targetHints":{"allow":["GET"]}}],"collection":[{"href":"https:\/\/fcgueugnon.fr\/amicalefcg\/wp-json\/wp\/v2\/pages"}],"about":[{"href":"https:\/\/fcgueugnon.fr\/amicalefcg\/wp-json\/wp\/v2\/types\/page"}],"author":[{"embeddable":true,"href":"https:\/\/fcgueugnon.fr\/amicalefcg\/wp-json\/wp\/v2\/users\/1"}],"replies":[{"embeddable":true,"href":"https:\/\/fcgueugnon.fr\/amicalefcg\/wp-json\/wp\/v2\/comments?post=170"}],"version-history":[{"count":40,"href":"https:\/\/fcgueugnon.fr\/amicalefcg\/wp-json\/wp\/v2\/pages\/170\/revisions"}],"predecessor-version":[{"id":2552,"href":"https:\/\/fcgueugnon.fr\/amicalefcg\/wp-json\/wp\/v2\/pages\/170\/revisions\/2552"}],"wp:attachment":[{"href":"https:\/\/fcgueugnon.fr\/amicalefcg\/wp-json\/wp\/v2\/media?parent=170"}],"curies":[{"name":"wp","href":"https:\/\/api.w.org\/{rel}","templated":true}]}}