{"id":13,"date":"2010-04-01T18:37:05","date_gmt":"2010-04-01T18:37:05","guid":{"rendered":"http:\/\/mwa33.free.fr\/.bertho\/wordpress\/?page_id=13"},"modified":"2020-05-01T00:02:40","modified_gmt":"2020-04-30T22:02:40","slug":"palmares","status":"publish","type":"page","link":"https:\/\/fcgueugnon.fr\/amicalefcg\/palmares","title":{"rendered":"Palmares du FCG"},"content":{"rendered":"<ul>\n<li><span style=\"font-size: 14px;\">Champion de Bourgogne : 1946, 1947, 1948, 1957<br \/><br \/><\/span><\/li>\n<li><span style=\"font-size: 14px;\">12 fois vainqueur de la Coupe de Bourgogne<br \/><\/span><\/li>\n<\/ul>\n<p>\u00a0<\/p>\n<ul>\n<li><span style=\"font-size: 14px;\">Champion de France Amateur : 1946-47 (Face \u00e0 Orl\u00e9ans 2-1)<\/span>\n<p>\u00a0<\/p>\n<\/li>\n<li><span style=\"font-size: 14px;\"><span style=\"font-size: 14px;\">Champion de France Amateur : 1951-52 (Face aux Girondins de Bordeaux 1-0)<\/span><\/span>\n<p>\u00a0<\/p>\n<\/li>\n<li><span style=\"font-size: 14px;\">1\/8 finale Coupe de France : 1968-69 (Qualification vs OGC Nice sur 2 matchs)<\/span><\/li>\n<li><span style=\"font-size: 14px;\">1\/4 finaliste Coupe de France : 1968-69 (\u00c9limination face au SCO Angers)<\/span><\/li>\n<li><span style=\"font-size: 14px;\">1969-1970 accession au nouveau championnat Open 3 groupes National (future D2)<\/span><\/li>\n<\/ul>\n<p>\u00a0<\/p>\n<ul>\n<li><span style=\"font-size: 14px;\">Barragistes accession D1 : 1976-77 ( 3\u00e8me du Groupe A (\u00c9chec face \u00e0 Rouen)<\/span><\/li>\n<li><span style=\"font-size: 14px;\"><span style=\"font-size: 14px;\">Excellent parcours en Coupe de France (valant l&rsquo;attribution du challenge France Football)<\/span><\/span>\n<p>\u00a0<\/p>\n<\/li>\n<li><span style=\"font-size: 14px;\">1\/8 finaliste Coupe de France : 1978-79 (Qualification vs St Etienne sur 2 matchs)<\/span><\/li>\n<li><span style=\"font-size: 14px;\">1\/4 finaliste Coupe de France : 1978-79 (\u00c9limination face au Racing Strasbourg)<\/span><\/li>\n<li><span style=\"font-size: 14px;\">Champion de France de D2 : 1979 (vainqueur du Barrage face au Stade Brestois)<br \/>Refus d&rsquo;accession en D1\u00a0 (US Valenciennes rep\u00each\u00e9 comme 18\u00e8me de\u00a0D1)<\/span><\/li>\n<\/ul>\n<p>\u00a0<\/p>\n<ul>\n<li><span style=\"font-size: 14px;\">1\/2 finaliste Coupe de France : 1990-91 (\u00c9limination face \u00e0 l&rsquo;AS Monaco)<\/span><\/li>\n<\/ul>\n<p>\u00a0<\/p>\n<ul>\n<li><span style=\"font-size: 14px;\">Accession Division 1 : saison 1994-1995<\/span><\/li>\n<li><span style=\"font-size: 14px;\">Saison en D1 : 1995-1996 <\/span>\n<p>\u00a0<\/p>\n<\/li>\n<li><span style=\"font-size: 14px;\">Vainqueur de la Coupe de la Ligue : 2000 (22 avril face au PSG &#8211; 2-0)<\/span><\/li>\n<li><span style=\"font-size: 14px;\">Excellent parcours en Coupe de France et en Championnat de Ligue 2 saison 1999-2000<br \/><\/span><span style=\"font-size: 14px;\"><br \/><\/span><\/li>\n<\/ul>\n<p>\u00a0<\/p>\n\n\n<p><\/p>\n","protected":false},"excerpt":{"rendered":"<p>Champion de Bourgogne : 1946, 1947, 1948, 1957 12 fois vainqueur de la Coupe de Bourgogne \u00a0 Champion de France Amateur : 1946-47 (Face \u00e0 Orl\u00e9ans 2-1) \u00a0 Champion de France Amateur : 1951-52 (Face aux Girondins de Bordeaux 1-0) \u00a0 1\/8 finale Coupe de France : 1968-69 (Qualification vs OGC Nice sur 2 matchs) [&hellip;]<\/p>\n","protected":false},"author":1,"featured_media":0,"parent":0,"menu_order":100,"comment_status":"closed","ping_status":"closed","template":"palmares.php","meta":{"footnotes":""},"class_list":["post-13","page","type-page","status-publish","hentry"],"yoast_head":"<!-- This site is optimized with the Yoast SEO plugin v25.5 - https:\/\/yoast.com\/wordpress\/plugins\/seo\/ -->\n<title>Palmares du FCG | \u2022 GLORIEUX FCG \u2022<\/title>\n<meta name=\"robots\" content=\"index, follow, max-snippet:-1, max-image-preview:large, max-video-preview:-1\" \/>\n<link rel=\"canonical\" href=\"https:\/\/fcgueugnon.fr\/amicalefcg\/palmares\" \/>\n<meta property=\"og:locale\" content=\"fr_FR\" \/>\n<meta property=\"og:type\" content=\"article\" \/>\n<meta property=\"og:title\" content=\"Palmares du FCG | \u2022 GLORIEUX FCG \u2022\" \/>\n<meta property=\"og:description\" content=\"Champion de Bourgogne : 1946, 1947, 1948, 1957 12 fois vainqueur de la Coupe de Bourgogne \u00a0 Champion de France Amateur : 1946-47 (Face \u00e0 Orl\u00e9ans 2-1) \u00a0 Champion de France Amateur : 1951-52 (Face aux Girondins de Bordeaux 1-0) \u00a0 1\/8 finale Coupe de France : 1968-69 (Qualification vs OGC Nice sur 2 matchs) [&hellip;]\" \/>\n<meta property=\"og:url\" content=\"https:\/\/fcgueugnon.fr\/amicalefcg\/palmares\" \/>\n<meta property=\"og:site_name\" content=\"\u2022 GLORIEUX FCG \u2022\" \/>\n<meta property=\"article:publisher\" content=\"https:\/\/www.facebook.com\/GlorieuxFCG\/\" \/>\n<meta property=\"article:modified_time\" content=\"2020-04-30T22:02:40+00:00\" \/>\n<meta name=\"twitter:card\" content=\"summary_large_image\" \/>\n<meta name=\"twitter:label1\" content=\"Dur\u00e9e de lecture estim\u00e9e\" \/>\n\t<meta name=\"twitter:data1\" content=\"1 minute\" \/>\n<script type=\"application\/ld+json\" class=\"yoast-schema-graph\">{\"@context\":\"https:\/\/schema.org\",\"@graph\":[{\"@type\":\"WebPage\",\"@id\":\"https:\/\/fcgueugnon.fr\/amicalefcg\/palmares\",\"url\":\"https:\/\/fcgueugnon.fr\/amicalefcg\/palmares\",\"name\":\"Palmares du FCG | \u2022 GLORIEUX FCG \u2022\",\"isPartOf\":{\"@id\":\"https:\/\/fcgueugnon.fr\/amicalefcg\/#website\"},\"datePublished\":\"2010-04-01T18:37:05+00:00\",\"dateModified\":\"2020-04-30T22:02:40+00:00\",\"breadcrumb\":{\"@id\":\"https:\/\/fcgueugnon.fr\/amicalefcg\/palmares#breadcrumb\"},\"inLanguage\":\"fr-FR\",\"potentialAction\":[{\"@type\":\"ReadAction\",\"target\":[\"https:\/\/fcgueugnon.fr\/amicalefcg\/palmares\"]}]},{\"@type\":\"BreadcrumbList\",\"@id\":\"https:\/\/fcgueugnon.fr\/amicalefcg\/palmares#breadcrumb\",\"itemListElement\":[{\"@type\":\"ListItem\",\"position\":1,\"name\":\"Accueil\",\"item\":\"https:\/\/fcgueugnon.fr\/amicalefcg\/\"},{\"@type\":\"ListItem\",\"position\":2,\"name\":\"Palmares du FCG\"}]},{\"@type\":\"WebSite\",\"@id\":\"https:\/\/fcgueugnon.fr\/amicalefcg\/#website\",\"url\":\"https:\/\/fcgueugnon.fr\/amicalefcg\/\",\"name\":\"\u2022 GLORIEUX FCG \u2022\",\"description\":\"Revivez l&#039;histoire du Football Club de Gueugnon\",\"publisher\":{\"@id\":\"https:\/\/fcgueugnon.fr\/amicalefcg\/#organization\"},\"potentialAction\":[{\"@type\":\"SearchAction\",\"target\":{\"@type\":\"EntryPoint\",\"urlTemplate\":\"https:\/\/fcgueugnon.fr\/amicalefcg\/?s={search_term_string}\"},\"query-input\":{\"@type\":\"PropertyValueSpecification\",\"valueRequired\":true,\"valueName\":\"search_term_string\"}}],\"inLanguage\":\"fr-FR\"},{\"@type\":\"Organization\",\"@id\":\"https:\/\/fcgueugnon.fr\/amicalefcg\/#organization\",\"name\":\"Amicale Anciens FC Gueugnon\",\"url\":\"https:\/\/fcgueugnon.fr\/amicalefcg\/\",\"logo\":{\"@type\":\"ImageObject\",\"inLanguage\":\"fr-FR\",\"@id\":\"https:\/\/fcgueugnon.fr\/amicalefcg\/#\/schema\/logo\/image\/\",\"url\":\"https:\/\/fcgueugnon.fr\/amicalefcg\/wp-content\/uploads\/amicale-anciens-fc-glorieux-gueugnon.png\",\"contentUrl\":\"https:\/\/fcgueugnon.fr\/amicalefcg\/wp-content\/uploads\/amicale-anciens-fc-glorieux-gueugnon.png\",\"width\":240,\"height\":240,\"caption\":\"Amicale Anciens FC Gueugnon\"},\"image\":{\"@id\":\"https:\/\/fcgueugnon.fr\/amicalefcg\/#\/schema\/logo\/image\/\"},\"sameAs\":[\"https:\/\/www.facebook.com\/GlorieuxFCG\/\"]}]}<\/script>\n<!-- \/ Yoast SEO plugin. -->","yoast_head_json":{"title":"Palmares du FCG | \u2022 GLORIEUX FCG \u2022","robots":{"index":"index","follow":"follow","max-snippet":"max-snippet:-1","max-image-preview":"max-image-preview:large","max-video-preview":"max-video-preview:-1"},"canonical":"https:\/\/fcgueugnon.fr\/amicalefcg\/palmares","og_locale":"fr_FR","og_type":"article","og_title":"Palmares du FCG | \u2022 GLORIEUX FCG \u2022","og_description":"Champion de Bourgogne : 1946, 1947, 1948, 1957 12 fois vainqueur de la Coupe de Bourgogne \u00a0 Champion de France Amateur : 1946-47 (Face \u00e0 Orl\u00e9ans 2-1) \u00a0 Champion de France Amateur : 1951-52 (Face aux Girondins de Bordeaux 1-0) \u00a0 1\/8 finale Coupe de France : 1968-69 (Qualification vs OGC Nice sur 2 matchs) [&hellip;]","og_url":"https:\/\/fcgueugnon.fr\/amicalefcg\/palmares","og_site_name":"\u2022 GLORIEUX FCG \u2022","article_publisher":"https:\/\/www.facebook.com\/GlorieuxFCG\/","article_modified_time":"2020-04-30T22:02:40+00:00","twitter_card":"summary_large_image","twitter_misc":{"Dur\u00e9e de lecture estim\u00e9e":"1 minute"},"schema":{"@context":"https:\/\/schema.org","@graph":[{"@type":"WebPage","@id":"https:\/\/fcgueugnon.fr\/amicalefcg\/palmares","url":"https:\/\/fcgueugnon.fr\/amicalefcg\/palmares","name":"Palmares du FCG | \u2022 GLORIEUX FCG \u2022","isPartOf":{"@id":"https:\/\/fcgueugnon.fr\/amicalefcg\/#website"},"datePublished":"2010-04-01T18:37:05+00:00","dateModified":"2020-04-30T22:02:40+00:00","breadcrumb":{"@id":"https:\/\/fcgueugnon.fr\/amicalefcg\/palmares#breadcrumb"},"inLanguage":"fr-FR","potentialAction":[{"@type":"ReadAction","target":["https:\/\/fcgueugnon.fr\/amicalefcg\/palmares"]}]},{"@type":"BreadcrumbList","@id":"https:\/\/fcgueugnon.fr\/amicalefcg\/palmares#breadcrumb","itemListElement":[{"@type":"ListItem","position":1,"name":"Accueil","item":"https:\/\/fcgueugnon.fr\/amicalefcg\/"},{"@type":"ListItem","position":2,"name":"Palmares du FCG"}]},{"@type":"WebSite","@id":"https:\/\/fcgueugnon.fr\/amicalefcg\/#website","url":"https:\/\/fcgueugnon.fr\/amicalefcg\/","name":"\u2022 GLORIEUX FCG \u2022","description":"Revivez l&#039;histoire du Football Club de Gueugnon","publisher":{"@id":"https:\/\/fcgueugnon.fr\/amicalefcg\/#organization"},"potentialAction":[{"@type":"SearchAction","target":{"@type":"EntryPoint","urlTemplate":"https:\/\/fcgueugnon.fr\/amicalefcg\/?s={search_term_string}"},"query-input":{"@type":"PropertyValueSpecification","valueRequired":true,"valueName":"search_term_string"}}],"inLanguage":"fr-FR"},{"@type":"Organization","@id":"https:\/\/fcgueugnon.fr\/amicalefcg\/#organization","name":"Amicale Anciens FC Gueugnon","url":"https:\/\/fcgueugnon.fr\/amicalefcg\/","logo":{"@type":"ImageObject","inLanguage":"fr-FR","@id":"https:\/\/fcgueugnon.fr\/amicalefcg\/#\/schema\/logo\/image\/","url":"https:\/\/fcgueugnon.fr\/amicalefcg\/wp-content\/uploads\/amicale-anciens-fc-glorieux-gueugnon.png","contentUrl":"https:\/\/fcgueugnon.fr\/amicalefcg\/wp-content\/uploads\/amicale-anciens-fc-glorieux-gueugnon.png","width":240,"height":240,"caption":"Amicale Anciens FC Gueugnon"},"image":{"@id":"https:\/\/fcgueugnon.fr\/amicalefcg\/#\/schema\/logo\/image\/"},"sameAs":["https:\/\/www.facebook.com\/GlorieuxFCG\/"]}]}},"_links":{"self":[{"href":"https:\/\/fcgueugnon.fr\/amicalefcg\/wp-json\/wp\/v2\/pages\/13","targetHints":{"allow":["GET"]}}],"collection":[{"href":"https:\/\/fcgueugnon.fr\/amicalefcg\/wp-json\/wp\/v2\/pages"}],"about":[{"href":"https:\/\/fcgueugnon.fr\/amicalefcg\/wp-json\/wp\/v2\/types\/page"}],"author":[{"embeddable":true,"href":"https:\/\/fcgueugnon.fr\/amicalefcg\/wp-json\/wp\/v2\/users\/1"}],"replies":[{"embeddable":true,"href":"https:\/\/fcgueugnon.fr\/amicalefcg\/wp-json\/wp\/v2\/comments?post=13"}],"version-history":[{"count":37,"href":"https:\/\/fcgueugnon.fr\/amicalefcg\/wp-json\/wp\/v2\/pages\/13\/revisions"}],"predecessor-version":[{"id":2802,"href":"https:\/\/fcgueugnon.fr\/amicalefcg\/wp-json\/wp\/v2\/pages\/13\/revisions\/2802"}],"wp:attachment":[{"href":"https:\/\/fcgueugnon.fr\/amicalefcg\/wp-json\/wp\/v2\/media?parent=13"}],"curies":[{"name":"wp","href":"https:\/\/api.w.org\/{rel}","templated":true}]}}